ivative of -t**5/60 - t**4/3 - 2*t**3 + 2*t**2. Give p(u).
3
Let s(q) = -3*q - 12. Let f(n) = 15*n + 64. Let g(v) = 2*f(v) + 11*s(v). Suppose 4*x = -0*x - 20, -5*a = 4*x + 35. Give g(a).
5
Let r(l) = 348*l + 3481. Let a be r(-10). Let m(g) = 0*g**2 + 4*g**3 + g**2 + 4*g**3. Determine m(a).
9
Let a(h) = -4*h + 3*h + 2691 + 2*h - 2676. Suppose 3*o + 3*n = -21, 4 = -2*o + 4*n - 22. Calculate a(o).
6
Let t = 2/2021 + 2017/4042. Let d(j) be the first derivative of -25 + 8/3*j**3 + 2*j + 1/4*j**4 + t*j**2. Calculate d(-8).
-6
Suppose -2*m + 30 = 3*c + m, 5*c + 4*m - 45 = 0. Let k(v) = -15*v - c - 1260*v**3 - 13*v**2 + 1259*v**3 - v**2. Give k(-13).
21
Let c(g) = -98*g - 90*g + 189*g - 42. Let v(x) = 15*x - 120. Let f be v(8). Calculate c(f).
-42
Let i be 66/(-8) + (-9)/(-36). Let t(h) = h + 8. Let f be t(i). Let p(z) = -z. Let y(s) = 3*s + 14. Let j(c) = 2*p(c) + y(c). What is j(f)?
14
Let f(c) = 30*c**2 - 3*c - 4. Let o be f(-4). Let t = 482 - o. Let w(m) = m**2 + 7*m + 1. Give w(t).
-5
Let k be 780/(-8)*8/(-12). Let a(u) = 29 - 134*u + k*u + 65*u. Calculate a(7).
1
Let q(r) be the third derivative of -r**4/24 - r**2. Suppose -31*c - m = -26*c - 54, 3*c - 30 = -3*m. Determine q(c).
-11
Let g(m) be the first derivative of m**4/4 + 2*m**3 - 10*m**2 - 35*m - 851. Calculate g(-8).
-3
Let g(m) be the second derivative of m**3/6 - 2*m**2 - m. Suppose 4*h + 4*a - 64 = 0, -h - 7*a = -4*a - 22. Let v be (-2 - h/(-2))/((-9)/(-12)). Calculate g(v).
2
Let r = -5 + 7. Let t = 372 - 364. Let d(u) = 9*u - 2*u**2 + 0 - 14*u + t*u - 3 + u**2. What is d(r)?
-1
Let a(f) = 13*f - 54. Let m be (10 - (12 + -4))/((-4)/(-10)). Determine a(m).
11
Let y be 72/(-27)*2/(-8)*69. Suppose -2*w = 5*a - y, -45 = -5*a + 3*w - 14. Let m(j) = -j + 10. Calculate m(a).
2
Let d be ((-12)/(-8) - 2)/((-8)/(-16)). Let u(q) = 1. Let v(z) = 5*z - 2. Let p(g) = d*u(g) - v(g). Suppose 4*l - 15 = -l. Determine p(l).
-14
Let g(u) be the second derivative of -u**5/20 + 7*u**4/12 - 2*u**3/3 + 4*u**2 + 2050*u. Determine g(7).
-20
Let y(g) = -3*g**3 - 7*g**2 - 7*g - 7. Let d(q) be the third derivative of q**6/120 - 5*q**2. Let s(i) = 4*d(i) + y(i). Give s(8).
1
Suppose -k = 2*k - 9. Suppose k*p - 3*m = 15, -4*p - 3 = m - 13. Let s(u) = 6*u**3 - 5*u**3 - 25*u**2 + p*u + 1 + 29*u**2. Give s(-3).
1
Let b(r) = -2*r + 5. Suppose -4*v = 2*n + n - 66, -12 = -4*v. Suppose 3*y - n*y = -75. What is b(y)?
-5
Let u = -226 + 230. Suppose 4*j = -o - 21, -3*j + 0*j + u*o - 11 = 0. Let w(c) = -c**2 - 5*c + 5. Determine w(j).
5
Let m = -10437 + 10441. Let f(o) be the third derivative of 0 + 1/30*o**5 - 1/3*o**3 + 21*o**2 + 0*o + 0*o**m. What is f(2)?
6
Let n(x) = 29*x**2 - 88*x**2 - 12*x + 32*x**2 + 0*x**3 + 40*x**2 + 16 + x**3. Determine n(-14).
-12
Let v(f) = -4 + 4*f - 10 - f**2 + 8. Suppose u - 18 = -1. Suppose 6*d - 13 = u. Calculate v(d).
-11
Let k(z) be the third derivative of z**5/60 + z**4/24 - 10*z**3/3 + z**2 + 9145*z. What is k(11)?
112
Let v(q) be the first derivative of q**3/3 - q**2/2 - q + 14408. Let j(i) = i - 6. Let n be j(4). What is v(n)?
5
Let q(x) be the second derivative of -5*x**4/12 + 2*x**3/3 + 23*x**2/2 + 19*x. Let t(v) = -v**2 - v + 2. Let z(d) = -q(d) + 6*t(d). Determine z(-8).
5
Let m(x) = 4 + 1 + 6223*x + x**2 - 6230*x + 2. Suppose -156 = -4*h - 52. Suppose -5*s - 1 = -h. Give m(s).
-3
Let g(r) = r**2 + 9*r + 1. Suppose 26*o - 19*o = 483. Suppose -9*c - 12 = o. Calculate g(c).
1
Let t(p) = -62*p - 7 - 2*p**2 + 20*p - p**2 + 7*p + 46*p. Determine t(3).
-1
Let o(g) = -8*g**3 + 29*g**2 - 3*g + 23. Let a(d) = 3*d**3 - 10*d**2 + d - 8. Let w(h) = 11*a(h) + 4*o(h). Calculate w(-5).
34
Let a(g) = -g + 1. Let c(d) = -d**2 + 10*d - 4. Let j(u) = -2*a(u) - c(u). Let o = -50 + 53. Suppose 0 = -o*b - 0*b + 9. What is j(b)?
-13
Let m = 210 + -150. Suppose 5*v = -5*w - m, 0 = 3*w + w + 12. Let k(d) be the first derivative of d**3/3 + 7*d**2/2 - 11*d + 4. Determine k(v).
7
Let g(p) = 3*p - 50072 - 50071 + 100149. Suppose -b - 20 = 4*b. Give g(b).
-6
Suppose -10 = -w + 2*h - 4, 3*w - 12 = 3*h. Let n(s) = -s - 272 - s + 312 - 3*s + w*s. Determine n(12).
4
Let m(f) = -2*f**2 + 8*f + 3. Suppose -29 = -14*c - 1. Suppose -30*b - 4*h - 29 = -35*b, 0 = c*b - h - 11. Calculate m(b).
-7
Let r(j) = 6*j**2 - j**3 - 6 + 2*j**2 + 8*j - 2*j**2. Suppose -11 + 9 - 47 = -7*b. Determine r(b).
1
Let s = -1029 + 1022. Let x(c) = c**2 + 11*c + 12. Let p(r) = -1. Let q(k) = 6*p(k) + x(k). Give q(s).
-22
Let l(z) be the third derivative of -z**5/30 - 17*z**4/24 - 17*z**3/6 + 4*z**2 + z. Calculate l(-7).
4
Let d(p) = p + 11. Let q(r) = 8*r - 77. Let w be q(9). Let c be (1 - (w + 5))*0. Determine d(c).
11
Let p(o) = -8*o - 13 - 5*o + 26*o - 4*o - 8*o. Let j = -17 + 17. What is p(j)?
-13
Let l(f) = 47*f + 119. Let n(g) = 30*g + 77. Let s(w) = 5*l(w) - 8*n(w). Calculate s(-14).
49
Let k be (-225)/(-120)*8 - -3. Let w(t) = 14*t - 242. What is w(k)?
10
Let w(p) = p**3 - 2*p**2 + 2*p + 22. Let b(s) = s**2 - s. Let v(f) = b(f) + w(f). Let u be ((-6)/(-2))/(-8*36/57216). Let r = -596 - u. Determine v(r).
22
Let b(c) = -3*c**3 + 2*c**2 - c + 8. Let h(r) = 10*r**3 + 8*r**2 + 8*r + 42. Let y(m) = 3*b(m) + h(m). Give y(-14).
-4
Let c(m) = -m**2 - 14*m - 20. Let w(g) = -g**2 + 165*g - 814. Let x be w(5). What is c(x)?
-20
Let p(y) be the third derivative of 5/6*y**3 + 11*y - 1/12*y**4 - 6*y**2 + 0. What is p(-9)?
23
Suppose 6*l = 22 + 14. Suppose -3*u = -l*u. Let i(q) be the first derivative of q**3/3 + 11*q + 71. Give i(u).
11
Let j(m) = 252*m**2 - m**3 - 234*m**2 - m - 14 - 10. Calculate j(18).
-42
Let v(c) be the third derivative of 0 + 2*c**2 + 1/60*c**5 + 0*c - 2/3*c**3 - 1/8*c**4. Let l be ((-10)/(-4))/((77/22)/7). Calculate v(l).
6
Let r = -87 + 92. Suppose r*g + h = -15, g - 4*h = 3*g - 12. Let s be (-1)/((20/g)/(-10)). Let q(t) = -9*t + 1. Calculate q(s).
19
Let k = -8 - -9. Let r(j) be the first derivative of j**6/120 - j**5/30 + j**3/6 - 31*j**2/2 + 23. Let u(q) be the second derivative of r(q). Determine u(k).
0
Let a(s) be the first derivative of -633*s**2 + 3*s + 68 + 634*s**2 + 2*s. Suppose 3*y - 7*i + 3*i + 9 = 0, y + 5*i = -22. Determine a(y).
-9
Let l(y) = 2*y**2 - 10*y + 5. Let x be (2/(-4))/((-24)/336). Determine l(x).
33
Let c be (11 - (0 + 8))/(8/(-24)). Let p(h) = 6*h + 56. What is p(c)?
2
Let r(n) = 94*n - 16. Let l(s) = 157*s - 32. Let f(k) = -3*l(k) + 5*r(k). Let w = 14 + -5. Determine f(w).
7
Let w(q) be the third derivative of -q**6/120 + q**5/6 - q**4/3 + 23*q**3/6 + 4*q**2 - 144*q - 3. Determine w(9).
32
Let f(i) be the second derivative of -i**6/120 + i**4/24 - 19*i**3/3 - 2*i + 12. Let q(n) be the second derivative of f(n). Give q(-3).
-26
Let u(p) = 4*p**3 - 3*p**2 - 5*p - 4. Let i(r) = -3*r**3 + r**2 + 3*r + 3. Let k(a) = 5*i(a) + 4*u(a). Calculate k(8).
23
Let z(k) be the third derivative of -k**4 - 173*k**3/6 - 8*k**2 - 24*k. Calculate z(-7).
-5
Let z(m) be the first derivative of 3*m**2 - 64*m + 315. What is z(14)?
20
Let z(y) = 2*y**2 + 44*y + 87. Suppose -50 = 19*d - 68 + 398. Give z(d).
7
Let i(h) = -h**2 - 13*h + 7. Let m = 110 - 106. Let q be -12 + m - 6/2. Determine i(q).
29
Let z(g) = -5*g**2 + 22*g + 111. Let f be z(-3). Let p(t) be the third derivative of f*t + 0*t**3 - 3*t**2 + 0 - 1/4*t**4. What is p(-1)?
6
Let d be (7 + -3)/(-2 + 18/6). Let m(a) = -a**3 + 7*a**2 - 13*a - 2. Calculate m(d).
-6
Let r(g) = g**3 - 2*g**2 + 2*g - 2. Let f(z) = 11*z - 18*z - 5*z**2 + 12*z - 5 + 2*z**3. Let x(h) = -3*f(h) + 7*r(h). Calculate x(-2).
-1
Let m(l) = 13*l + 1. Suppose 614 = 2*n - 3*k, 23*n - 28*n = -3*k - 1544. Let t = n + -311. What is m(t)?
-12
Let n(p) = 7*p**2 - 690*p + 396. Let q be n(98). Let j(b) = 2*b**3 - 4*b**2 - 17*b + 14. Calculate j(q).
10
Let q(n) = -5*n + 61. Suppose -3*x + 2*v = -42, -1 = 5*x - 5*v - 71. Determine q(x).
-9
Let m(x) = -x**2 + 5*x + 9. Suppose z = 3*b + 3, 3*z = -10*b + 11*b + 1. Suppose -24*y + 22*y + 14 = z. Determine m(y).
-5
Let g(h) = h**2 - 37*h + 30. Let m(i) = -8*i + 2. Let o(t) = -g(t) + 3*m(t). What is o(10)?
6
Let v(h) = -34*h + 619. Let k(y) = 11*y - 222. Let n(q) = 8*k(q) + 3*v(q). Determine n(8).
-31
Let r(z) = 16 + 40*z + 1 - 96*z + 54*z + 30. Give r(20).
7
Let x = -6032 + 6039. Let t(o) = o**3 - 5*o**2 - 14*o - 9. What is t(x)?
-9
Let d(q) = -q**3 + 